13. What is the remainder when 28 is divided by g?
8
Suppose 0 = -7*d + 4*d + 48. Calculate the remainder when 63 is divided by d.
15
Let d(o) be the second derivative of o**4/4 - 5*o**3/6 - o**2 - 5*o. What is the remainder when d(4) is divided by 9?
8
Let r = 40 - 2. What is the remainder when r is divided by 21?
17
Let h(i) = i**2 + 9*i + 11. Suppose o + 4*o = -4*j + 291, -2*j - 157 = -3*o. Let a = 6 + o. What is the remainder when a is divided by h(-10)?
19
Let v(p) be the third derivative of 7*p**4/24 - 7*p**3/6 - 3*p**2. Let g(d) = -d**2 - 7*d. Calculate the remainder when v(6) is divided by g(-4).
11
Let x(j) = -j**3 + 5*j**2 - 3*j - 1. Let n be x(4). Suppose 43 = 2*r + n*a, 4*r - a + 2 = 53. Calculate the remainder when r is divided by 5.
4
Let x = 12 + 1. Suppose -5*y - 22 = -4*n + x, -12 = 4*y. Let j(d) = d + 7. What is the remainder when j(6) is divided by n?
3
Let z = -88 + 97. Let q(t) = t**3 + 7*t**2 + 2*t + 9. Suppose -w = -2*w - 1, 4*f - 5*w = -19. Calculate the remainder when q(f) is divided by z.
6
Let h(t) = -t**3 + 4*t**2 - 2*t + 2. Let c be h(2). Suppose 4*m - c*m = -64. Calculate the remainder when m is divided by 11.
10
Let t(w) = w**3 + 5*w**2 - w - 6. Let y be t(-5). Let g(c) = -7*c**3 + c**2 + c. What is the remainder when g(y) is divided by 2?
1
Let i(s) = -s**3 - s**2 - s - 1. Let t be i(-2). Let x = t - -4. What is the remainder when 37 - (-30)/9*(-54)/45 is divided by x?
6
Let x = 216 + -438. Let t = 347 + x. Calculate the remainder when t is divided by 32.
29
Suppose u = f - 2*u - 16, 83 = 3*f - 2*u. What is the remainder when 91 is divided by f?
29
Let l(y) = -y**3 + 9*y**2 + 12*y - 12. Suppose -c = 2*c - 30. Calculate the remainder when l(c) is divided by 3.
2
Let g = 1 - -4. Suppose a - 7 = 3*c + 16, 65 = 4*a - 3*c. Calculate the remainder when a is divided by g.
4
Suppose -3*a + 20 = 2*a. Suppose b = -a*b. What is the remainder when b/2 + 16 + -3 is divided by 5?
3
Suppose 4*u = -3*w + 19, 3*u + 3 = 3*w + 12. Let f = 687 + -674. Calculate the remainder when f is divided by u.
1
Let f(r) = -8*r - 1. Let x(y) = 5*y**2 - 3*y - 5. Let m be x(-2). Let g = 41 - m. What is the remainder when g is divided by f(-1)?
6
Let b = 27 + -18. Let j = b + -6. What is the remainder when 6 is divided by j?
0
Let t be (2/(-3))/(10/(-75)). Let w be ((-4)/t)/(4/(-60)). What is the remainder when (-6)/4*(-176)/w is divided by 12?
10
Suppose -7*y - 365 = -12*y. What is the remainder when y is divided by 20?
13
Suppose -2*o - s = 2*o - 7, -26 = -2*o + 4*s. Let m(t) = 3*t - 3. Let x = 12 - 8. Calculate the remainder when m(o) is divided by x.
2
Let q(i) = -i**3 + 6*i**2 + 9*i - 7. Suppose -2*b - 1 = -37. What is the remainder when b is divided by q(7)?
4
Let p = -26 + 31. Suppose -63 = -p*z + 102. Suppose 2 = 2*t - 34. What is the remainder when z is divided by t?
15
Let s = -93 - -146. Let j = s - 37. Calculate the remainder when 62 is divided by j.
14
Suppose 11*i - 208 = -5*i. Calculate the remainder when 30*1*(-4)/(-5) is divided by i.
11
Let s = 31 + -12. Calculate the remainder when 54 is divided by s.
16
Calculate the remainder when 2/(-8) + (-157)/(-4) is divided by 21.
18
Let k(r) = r**3 - 8*r**2 + r - 4. Let g be k(4). Let s = g + 89. Calculate the remainder when s is divided by 7.
4
Calculate the remainder when 10 is divided by (-5 + 2 + -3)/(10/(-10)).
4
Suppose 0 = -4*t + 6 - 2. Calculate the remainder when (-2 - t) + 20 - -1 is divided by 5.
3
Let r = -18 - -34. Calculate the remainder when 62 is divided by r.
14
Suppose -g - 116 = -2*z, -58 = -3*z + 2*z - 2*g. Let w = 107 - z. What is the remainder when w is divided by 26?
23
Let s(q) = -q + 29. Suppose 12 + 8 = 3*b + 4*t, 5*b + 2*t - 10 = 0. Let c be s(b). Let h = c - 21. What is the remainder when 22 is divided by h?
6
Let v(u) = -u + 6. Suppose 2*o + 1 - 5 = 0. What is the remainder when o is divided by v(5)?
0
Suppose -10 = -0*a - 5*a + 3*c, -5*a - 3*c + 10 = 0. Calculate the remainder when 2/((-1)/(0 - a)) is divided by (-6)/(-15) + 26/10.
1
Let u(j) = j**3 + 10*j**2 - 8*j + 38. What is the remainder when 29 is divided by u(-11)?
4
Suppose 26 = 4*x - 2*r + 3*r, 2*r = 3*x - 14. What is the remainder when 67 is divided by (-16)/x*51/(-4)?
33
Suppose -h = 2*z - 21, -2*h + 3*h + 4*z - 31 = 0. Suppose -3*w - v = -0*v - 4, 2*w + 20 = 5*v. What is the remainder when h is divided by 1 - w - (-1 + -2)?
3
Let u(x) = -6*x**2 + 2*x + 1. Let q be u(-2). Let g = 1 - 3. Calculate the remainder when 12 is divided by g + q/(3 + -6).
5
Calculate the remainder when (-4)/(-16) + (-786)/(-24) is divided by 22.
11
Let f = 18 - 5. What is the remainder when f is divided by ((-6)/(-4))/(27/144)?
5
Let i be 2/1 - (-4 - -4). Let q(j) = 0*j + j**2 - 2*j - i + 0*j + 0*j**2. Calculate the remainder when 36 is divided by q(-3).
10
Let t(c) = -4*c + 0*c**2 + 2*c**2 + 7*c + 4. What is the remainder when t(3) is divided by 16?
15
Let p be 2/4 + 429/6. Suppose g = 24 - p. Let s = g - -72. What is the remainder when 70 is divided by s?
22
Let j(d) = d**3 - 2*d**2 + 3*d - 3. Let l be (2 - (-4)/(-2)) + 2. What is the remainder when 5 is divided by j(l)?
2
Suppose 0 = 4*r + 16. What is the remainder when 34 is divided by (4 - r/(-2)) + 7?
7
Suppose -10 = -2*m - 0*m. Let d(c) = 6*c + 3. What is the remainder when d(3) is divided by (m/10)/(2/44)?
10
Suppose -104 = v + 22. Calculate the remainder when 99 is divided by 5/(-25) + v/(-5).
24
Suppose -t + 3 = 2*m, m + 0*m + 2*t = -6. Let q(v) = -v. Calculate the remainder when m is divided by q(-3).
1
Suppose t + 4 = 6*c - 2*c, -2*t - 4*c + 40 = 0. Suppose 12 = -4*g - 0, m + 5*g - 100 = 0. Suppose l + 4*l = m. Calculate the remainder when l is divided by t.
11
Let a = 4 - 1. Suppose -65 = -2*s - a*s - y, -2*y = 3*s - 46. Calculate the remainder when 6*1/((-6)/(-22)) is divided by s.
10
Suppose 2*a - 94 = -10. Calculate the remainder when a is divided by 4.
2
Suppose 4*s - 45 = -1. What is the remainder when s is divided by 7?
4
Let g(r) = 3*r + 2. Suppose v = -3*w + 24, -2*w - 2 + 10 = -2*v. Calculate the remainder when 44 is divided by g(w).
21
Let l(w) = 6*w**2 - 2*w**2 - 2*w**2 + w - 1. Calculate the remainder when 4 is divided by l(1).
0
Let n(c) = c**3 + 5*c**2 - 1. Let i = -41 - -69. Calculate the remainder when i is divided by n(-4).
13
Calculate the remainder when 9/54 + (-586)/(-12) is divided by 26.
23
Let n = 258 + -62. What is the remainder when n is divided by 9?
7
Suppose 7*f - 49 = 21. What is the remainder when 39 is divided by f?
9
Suppose 4*z = -p + 56, -5 = 2*p + 3. Let y = z - -14. Calculate the remainder when y is divided by 10.
9
Suppose 5*h = 3*q + 14, 2*h - q = 2*q + 2. Let k = h + 9. What is the remainder when 50 is divided by k?
11
Suppose -4*k = 2*n - 92, k - 5*n = 1 - 0. What is the remainder when 59 is divided by k?
17
Let a = -12 + 19. Suppose 0 = -3*s - 5*d - a, -s + 19 = -2*d + 3. What is the remainder when 15 is divided by s?
3
Calculate the remainder when (63/14)/(2/20) is divided by 14.
3
Let m = 338 - 216. Calculate the remainder when m is divided by 42.
38
Calculate the remainder when 21 is divided by 40/(-6)*(-36)/20.
9
Let x = 20 + 25. What is the remainder when x is divided by 12?
9
Suppose 2*i - 3*f + 8 = 6*i, -5*i + 10 = 3*f. Suppose i*n + 4*u - 8 - 4 = 0, -3*n = 3*u - 24. What is the remainder when n is divided by 6?
4
Let t be (-1 - 0)/((-1)/20). Let m = 18 - 11. Suppose t = -2*o + m*o. Calculate the remainder when 10 is divided by o.
2
Let l(x) = -x + 1. Let w be l(-6). Calculate the remainder when (-330)/(-21) - (-2)/w is divided by 9.
7
Calculate the remainder when 21 is divided by ((-16)/5)/(4/(-10)).
5
Let c(l) = l**3 - 16*l**2 + 3*l - 14. What is the remainder when c(16) is divided by 13?
8
Suppose 5*a = 5*c - 75, -5*a - 19 = -29. Suppose -3*d = -d - 130. Calculate the remainder when d is divided by c.
14
Suppose 35 = 5*c - 5. What is the remainder when 21 is divided by c?
5
Suppose 5*n = 153 - 23. What is the remainder when n is divided by 4?
2
Suppose 0 = 3*p - 4*p - 5. Let c be p/(-10) - (-7)/2. Suppose -10 + 78 = c*k. Calculate the remainder when k is divided by 6.
5
Let l = -17 - -51. Suppose 6*k = 5*k - 5, -l = -j + 5*k. Calculate the remainder when 35 is divided by j.
8
What is the remainder when 